g + 78. Let p be i(45). Let n(s) = -s**2 - 12*s - 3. Give n(p).
-3
Suppose -f + o - 82 + 88 = 0, -2*f + 11 = -o. Let h(v) be the second derivative of 2*v**2 + 1/4*v**4 - 2/3*v**3 - f*v - 1/20*v**5 + 0. Give h(3).
-8
Let s(q) = q**2 + 4*q - 5. Let f be s(-5). Suppose 6 = r - f*r. Let i(h) be the second derivative of -h**3/6 + 2*h**2 - 1032*h. What is i(r)?
-2
Let p(q) = -21*q - 3. Let h(f) = 159*f + 22. Let t(j) = -2*h(j) - 15*p(j). Determine t(1).
-2
Let h(q) be the third derivative of q**4/3 - q**3/3 + q**2. Let r be (-412 - -456) + (-86)/2. Give h(r).
6
Let k(v) be the third derivative of 29*v**4/24 + 5*v**3/6 + 4039*v**2. Determine k(2).
63
Let a(j) be the second derivative of -j**4/6 + j**3/3 - 59*j**2 - 92*j - 2. Let i(m) be the first derivative of a(m). Determine i(-2).
10
Let l = 420 + -430. Let j(c) = -c**2 + 0*c**2 - 9*c - 59 - 68 + 138. Give j(l).
1
Let j(g) = 3*g**2 + 3*g**2 + 4 - g + 9*g - 5*g**2. Suppose -243 = -6*k + 9*k. Let h = 75 + k. Determine j(h).
-8
Let y(c) = -8*c**3 + 8*c**2 + 45*c + 38. Let g be y(-1). Let s(u) = u + 5. Determine s(g).
14
Suppose h = 4*h - 4*n - 14, 0 = 2*h - 5*n. Let u be 34/h + (-60)/(-100). Let i be (14/4)/(2/u). Let k(y) = y**2 - 5*y - 9. Give k(i).
5
Let h(q) = -q**2 - 2*q + 1. Let r(x) = -2*x**3 - 14*x**2 - 5*x - 6. Let a(b) = 6*h(b) - r(b). Let l be a(-5). Let d(w) = -1 + 3 - 3 + 2*w. What is d(l)?
-7
Suppose 3*d - 9*d + 12 = 0. Let m(x) = 5*x**2 + 22*x**d - 18*x**2. Give m(1).
9
Suppose 0 = -5*f + 3*t - 29, 214*f = 215*f - 3*t + 13. Let x(v) = -3*v + 0*v**2 - 3 - 2*v**2 + 0*v**2 + 4. Determine x(f).
-19
Let k(n) = 58*n - 30*n + 14 - 27*n - 22. Let f = 5 - 3. Calculate k(f).
-6
Suppose a = -4*y + 19 - 59, 2*a + 32 = -2*y. Let p(w) = -w**3 - 7*w**2 + 15*w + 38. Calculate p(a).
-18
Suppose 19*g - 11 = 18*g. Let p(u) = -u**2 + 14*u - g*u - u + 4*u + 3. Determine p(5).
8
Let n(v) be the third derivative of -v**5/120 + v**4/24 + 10*v**3 - 4*v**2 + 16. Let r(z) be the first derivative of n(z). Suppose 14 - 4 = -5*u. Give r(u).
3
Suppose -2 = -14*b + 15*b - 3. Let r(y) = -15*y**3 + y**2 - 1. Determine r(b).
-15
Let w(q) be the second derivative of -17*q**3/3 + 337*q**2/2 - 3254*q. Determine w(10).
-3
Let s be -19 - ((-48)/4 - 6). Let c(g) = -32*g**3 - 3*g**2 - g + 1. Calculate c(s).
31
Let u(r) be the second derivative of -r**6/180 + r**5/120 + r**4/6 + 16*r**3 + 3*r + 2. Let f(q) be the second derivative of u(q). Determine f(2).
-2
Suppose 0 = -3*s + 15 - 12, 2*k - s = -5. Let f(a) be the second derivative of -a**3/2 - 6*a - 4. Give f(k).
6
Let d(w) be the second derivative of w**5/10 + w**4/2 + w**3/3 - 3*w**2/2 - 168*w + 1. Calculate d(-3).
-9
Let k(o) = 37*o**3 + 18*o**2 + 37*o + 5. Let d(i) = 14*i**3 + 6*i**2 + 12*i + 2. Let s(a) = 8*d(a) - 3*k(a). Calculate s(8).
9
Let r(u) = 6*u + 9. Let v(a) = 60*a + 78. Let j(n) = -26*r(n) + 3*v(n). Calculate j(-1).
-24
Let g(a) = -a**3 - 5*a**2 - 4*a - 7. Let l be (306/(-15))/(129/60 - 2). Let f = 131 + l. What is g(f)?
13
Let s(k) = -k + 9. Let m = -649 + 653. Suppose 6*o - 100 = -m*o. Give s(o).
-1
Let z(t) be the first derivative of t**4/4 - 5*t**3/3 - 3*t**2/2 - 11*t + 14737. Determine z(6).
7
Let h(f) be the first derivative of -f**4/4 - 4*f**3/3 + 9*f**2/2 + 7*f + 6553. Give h(-5).
-13
Let a(o) be the third derivative of -o**5/20 + 11*o**4/12 + 7*o**3/2 + 82*o**2 - 16. Determine a(-1).
-4
Let c(j) be the first derivative of -j**4/4 + 7*j**3/3 - 5*j + 4. Suppose 21*x = -30*x + 13*x + 266. Calculate c(x).
-5
Let z = 12 + 7. Let f(h) = -h**2 + 19*h - 7. Let o be f(z). Let u(x) = -5*x - 41. Let p(k) = -k - 8. Let d(c) = 11*p(c) - 2*u(c). Determine d(o).
1
Let h(s) = -s + 8. Let y(x) = -x**3 + 12*x**2 - 12*x + 16. Let p = 563 - 552. Let o be y(p). Give h(o).
3
Let t(x) be the third derivative of -x**6/40 - x**5/20 - x**4/12 + x**3/6 - 4*x**2 - 17*x. Let y = 761 - 763. Give t(y).
17
Suppose 5*t - 5*c + 0*c - 2165 = 0, 5*t + 3*c - 2189 = 0. Let i(q) = 3 + t*q - 6 - 439*q. Calculate i(-3).
6
Let o(h) = 201*h + 13 - 17 + 2*h**2 - 213*h - h**2 - 34. Calculate o(15).
7
Suppose 0 = 13*b - 0*b - 26. Let p be (-3)/12 + b - (-1)/4. Suppose -p*r - 8 = -2. Let z(w) = w**3 + 2*w**2 - 2*w + 1. Determine z(r).
-2
Let g(c) = c - 4. Let a(w) = -w - 2. Let m(n) = 20*n - 7. Let b(r) = 2*a(r) + m(r). Let z be b(3). Let h = z - 36. Give g(h).
3
Let q(u) = -u**2 - 29*u - 215. Let r be q(-16). Let b(v) be the second derivative of -v**4/12 - 3*v**3/2 - v**2 - 3*v. Give b(r).
12
Let t(b) = -2*b - 27. Let r(y) = -17*y - 278. Let i(m) = -2*r(m) + 19*t(m). What is i(9)?
7
Let t = 2730 - 2725. Let q(j) = 9*j - 36. Give q(t).
9
Let z = 350452 - 350433. Let t(k) be the third derivative of k**4/24 - 7*k**3/2 + 2*k**2. Give t(z).
-2
Let z(o) = -23*o - 90. Let h be (-119)/34 - 2/4. What is z(h)?
2
Let f(u) be the third derivative of 0 - 1/12*u**4 - 3/2*u**3 + 0*u - 73*u**2. Calculate f(-7).
5
Suppose 7*c - 698 = -229. Let f = 74 - c. Let n(w) = -2*w + w - 2*w + f*w - 1. Determine n(1).
3
Suppose 0 = 3*r + r - 72. Suppose -5*c = -r + 3. Let f(i) = 3*i**c + 4*i + 3*i**2 - i**3 - 1 - 5*i**2 - 3*i**3. What is f(-3)?
-4
Let o = -354 - -220. Let y = -131 - o. Let w(m) = 4*m**2 + 1 - 4 - 2*m**2 - m. Determine w(y).
12
Let f(g) be the third derivative of -5*g**4/24 + 29*g**3/6 + 40*g**2 - 7*g + 2. Determine f(10).
-21
Let d(n) = n**2 - n - 19. Suppose -62*x + 143 = -167. Calculate d(x).
1
Let f(s) = -s**2 - 12*s - 11. Suppose -3*p = -2*w - 0 - 238, -5*p - 2*w = -386. Let v = p + -59. Suppose -1 - v = 2*t. Calculate f(t).
9
Suppose 8 - 14 = 6*v. Let n be ((-21)/18 - v) + (-34)/12. Let j(u) = u**2 - 1. Give j(n).
8
Let n(s) be the third derivative of s**5/60 - s**4/2 + 2*s**3 - s**2. Let x(z) = z**2 + 201*z - 3229. Let w be x(-216). What is n(w)?
1
Let a(v) = -23*v - 181. Let f = -42996 + 42988. Calculate a(f).
3
Suppose -33*p = -37*p - 4*d - 16, 0 = 3*p - 3*d. Let i(k) = -9*k + 10*k**2 + 14*k - 2*k**2 - 2*k. Calculate i(p).
26
Let o(u) = 2*u**2 - 29*u - 131. Let b(p) = -p**3 - 9*p**2 + 156*p + 1330. Let l be b(-8). What is o(l)?
-5
Suppose 5*i + 4*u + 32 = 0, 55 = -u + 52. Let x(d) = 21*d + 99. Calculate x(i).
15
Let y(p) = 387*p**2 + p**3 - 204*p**2 - 179*p**2 - 8*p. What is y(2)?
8
Let j(a) = -17*a**2 + 411*a + 2. Let p(f) = -7*f**2 + 166*f + 1. Let s(u) = 2*j(u) - 5*p(u). Let b = 0 - -2. Suppose 0 = b*w - 12 - 2. Give s(w).
-8
Let b(z) = 5*z**3 + 7*z**2 - z + 17. Let o(v) = v**3 + v. Let g(w) = -b(w) + 4*o(w). Let i = -235674 - -235666. Determine g(i).
7
Let l(k) = -k**2 - 23*k. Let q(n) = -2*n**3 + 95*n**2 - 225*n - 24. Let g be q(45). Calculate l(g).
-24
Let n(x) = 58*x + 13*x + 15*x - 88*x + 0 - 3. Give n(4).
-11
Let h(m) = m**3 - 23*m**2 - 2*m + 35. Let w(y) = -42*y**2 - 1262*y - 37. Let f be w(-30). Give h(f).
-11
Suppose -g = 2*h + 15, 2*g - 2*h - 393 + 387 = 0. Let l(n) = n**3 + 2*n**2 - 9*n - 27. Give l(g).
-9
Suppose 7*h - 461 = -405. Let b(w) = 37*w - 56*w + h + 22*w + 8. What is b(-7)?
-5
Let t(m) = -2*m + 166 - 56 - 52 - 57 - 4*m**2 + 7*m**2. Suppose -3*c = -5*c + 6. Determine t(c).
22
Let w(u) = 3*u + 12. Let b(l) = -4*l - 17. Let o = 745 - 752. Let p(f) = o*w(f) - 5*b(f). Calculate p(-2).
3
Let z(j) = 3*j + 2*j**2 + j**3 + 87 - 162 + 87. Determine z(-5).
-78
Let y(r) = r**2 + 25*r + 161. Let n be ((-400)/150 + 3/1)*-21. What is y(n)?
35
Let h(a) = a**3 + 10*a**2 + a - 3. Suppose 49*c - 64*c - 150 = 0. Calculate h(c).
-13
Suppose -f - 4*z = 3, -80 = -2*f + 6*f - z. Let t(b) = b**2 + 19*b - 28. Give t(f).
-28
Let y(s) = -s. Let i(q) = 3*q**3 + 19*q**2 - q - 23. Let l(w) = 7*w**3 + 37*w**2 - 2*w - 45. Let m(z) = 5*i(z) - 2*l(z). Let x be m(-21). Give y(x).
4
Let g(u) = 5*u**3 + u**2 - u + 1. Suppose -6*m + 4*m = 3*t - 1, -4*m + 20 = 0. Let b be (1/(-3))/(t/9). Give g(b).
6
Suppose 0 = -4*x - 6*x - 80. Let a(c) = -4*c + 2. Let u(v) = -v + 1. Let h(q) = x*u(q) + 4*a(q). Determine h(-1).
8
Suppose -5*f = 3*r - 469, 0*f - r + 283 = 3*f. Let t = 175 - f. Suppose 45 = 75*w - t*w. Let l(i) = i**3 + 9*i**2 - i - 6. Give l(w).
3
Suppose j - 4*r + 5 = -6*r, 3*r + 4 = 2*j. Let i(w) = 8*w + 2. Determine i(j).
-6
Suppose s + 20 = 5*y, -4*y = -8*y - s + 16. Suppose y*g - 11 = 5*f, 2*g = -5*f - g + 17. Let c(j) = -j + 2. Give c(f).
1
Let v(w) = w**3 + 5*w**2 - 6*w - 1. Suppose -3*o - 102 = 5*p - 8